
Let d(z) = z**2 + 7*z - 10. Let v be 4*(5/4)/1. What are the prime factors of d(v)?
2, 5
Let p(b) = 3*b**2 + 10*b - 24. List the prime factors of p(-7).
53
Let q be (-1 - 0)*-1 + 2. Suppose -a - 4*d = -28, -3*a + d + 35 = q. List the prime factors of a.
2, 3
Suppose 8*o - 4*b - 39 = 3*o, -5*b = -3*o + 26. Let j = 9 - o. List the prime factors of j.
2
Let k be -1*(-2 + 2 - -2). Let x = 2 - k. List the prime factors of x.
2
Let l = 6 + -9. Let g = -15 - -25. Let f = g + l. What are the prime factors of f?
7
Suppose -2*g + 3*w = -41, -70 = -5*g - 5*w - 5. List the prime factors of g.
2
Let v = -18 - -27. Let r = v + 6. What are the prime factors of r?
3, 5
Let t(g) = -g**2 + 10*g - 7. Let x be t(9). Suppose 4*m + x = 10. Let w(n) = 3*n**2 - 4*n + 2. What are the prime factors of w(m)?
2, 3
Suppose -4*y - 1 = 15. Let a = y + 15. What are the prime factors of a?
11
Suppose 3*s - 3 = 3. Let l = 9 - s. What are the prime factors of l?
7
Suppose -4*x = x + 10, 178 = 4*g - 5*x. What are the prime factors of g?
2, 3, 7
Let r(q) = 47*q. Let t be r(2). Suppose -3*h + 0*i + 2*i = -t, -130 = -4*h + 5*i. List the prime factors of h.
2, 3, 5
Let m(i) = 4*i**2 - 11*i - 2. List the prime factors of m(-5).
3, 17
Let x(l) = 24*l - 14. What are the prime factors of x(6)?
2, 5, 13
Suppose -4*t - 46 = -a, 3*a + t = 3*t + 168. List the prime factors of a.
2, 29
Let s(d) = d**2 - 3*d - 3. List the prime factors of s(5).
7
Let i(l) = -l**2 - 8*l - 6. List the prime factors of i(-6).
2, 3
Let a be (-11)/(-3) + (-4)/6. Suppose -p + a*p = -14. List the prime factors of (-54)/p - (-2)/7.
2
Suppose 5*l - 100 = -0*l. Let y = l - 11. Let g = 17 - y. List the prime factors of g.
2
Let u(l) = -3*l - 1. Let v be u(-1). Let h(q) = q**2 + 1. What are the prime factors of h(v)?
5
Let b(w) = -45*w - 3. What are the prime factors of b(-5)?
2, 3, 37
Let l = -109 - -144. What are the prime factors of l?
5, 7
Let k be (92/16)/(1/4). Suppose 0 = r - 4*m - k, 4*r + 3*m - 10 = 6. List the prime factors of r.
7
Suppose 211 = 3*x + t, 3*t = 7*t - 4. What are the prime factors of x?
2, 5, 7
Let k = 3 - 0. Let u = 21 - k. Suppose 0*t + u = 2*t. What are the prime factors of t?
3
Let j be -3 + (-6)/(-3) - -2. List the prime factors of (j - 2 - 2)*-6.
2, 3
Let z(o) = 38*o - 14. What are the prime factors of z(2)?
2, 31
Suppose 5*p - p = 8. Suppose 3*i = 3*i - 4*i. Suppose o - 18 - p = i. List the prime factors of o.
2, 5
Suppose -1062 - 1512 = -13*c. What are the prime factors of c?
2, 3, 11
Suppose 69 = -3*k + 480. What are the prime factors of k?
137
Let h be (-1)/1 - (-3 + 1). Let o be -2 + (1 - h) + 6. What are the prime factors of (6/5)/(o/20)?
2, 3
Suppose 4*i + 20 = -9*c + 4*c, -16 = -2*i + 4*c. List the prime factors of 0 + i - 130/(-5).
2, 13
Let i(x) = 6*x + 5. Let y(a) = 7*a + 4. Suppose -3*q - 3 = 5*d, -2*q + q = -4. Let c(o) = d*i(o) + 4*y(o). What are the prime factors of c(1)?
11
Suppose 7*d - 63 - 1925 = 0. What are the prime factors of d?
2, 71
Suppose 3*y = 125 - 17. What are the prime factors of y?
2, 3
Let x = 1 - -1. Suppose -3*q = -4*n + 7, 3*n + 5*q = -x*n + 35. Suppose 4*u - 8 = n. What are the prime factors of u?
3
Let d(i) be the first derivative of -6*i**2 - i - 3. Let j be d(3). Let k = j - -53. List the prime factors of k.
2
Let b(n) = 3*n**3 + n**2 - 7*n - 5. What are the prime factors of b(4)?
5, 7
Let w be 3 + -4*1*1. List the prime factors of ((-13)/w)/(2/4).
2, 13
Suppose -4*c = 54 - 22. Let a be (-2 - 2*c)/2. Suppose -5*r - 4 = 4*z - 5, -z + r = -a. What are the prime factors of z?
2
Let v(x) = 2*x + 1. Let c = 0 + 2. Suppose 4 = c*r - 2. List the prime factors of v(r).
7
Let w = -66 + -10. List the prime factors of w/(-6) + 1/3.
13
Let x(a) = -a**3 - 13*a**2 - 14*a + 12. What are the prime factors of x(-12)?
2, 3
Suppose 4*a - 12 = 4*r, 4*r = -0*r + a - 9. Let h(v) be the second derivative of v**4/6 - v**3/6 - v**2/2 - 3*v. List the prime factors of h(r).
3
Let l(w) = -w**3 + w**2 - w - 15. Let m be l(0). Suppose -5*v - 9 = 16. Let g = v - m. List the prime factors of g.
2, 5
Let p be ((-36)/42)/(1/(-7)). Suppose -3*t = -p*t + 24. List the prime factors of t.
2
Let w(n) = 131*n**2 + 4*n. List the prime factors of w(-1).
127
Suppose 3*n = -1 + 13. Suppose -b + n = -3. What are the prime factors of b?
7
Let h(l) be the second derivative of 8*l**4/3 - l**3/3 - l**2/2 - l. What are the prime factors of h(-1)?
3, 11
Let t(j) = -j + 9. Suppose 2*w + 22 = 2*c, -4*w + 0*w + 10 = 5*c. Let n be t(c). Suppose i = -0*i + n. List the prime factors of i.
3
Let i = 164 + -72. List the prime factors of (-5 + 1)*i/(-16).
23
Let h(u) = 14*u - 8. Let x be h(4). Let v = 77 - x. What are the prime factors of v?
29
Let x = 64 + -32. What are the prime factors of x?
2
Let f(n) = 8*n + 0 - 5*n**2 + 4 + 4*n**2. What are the prime factors of f(6)?
2
List the prime factors of (-3)/4 - 1122/(-24).
2, 23
Let w(q) = q + 10. Let b be w(-7). Suppose -2*k = -b*k - 3*j + 58, -4*k + j = -219. Let g = -38 + k. What are the prime factors of g?
17
Suppose w - 35 = -4*w. List the prime factors of w.
7
Let d = 20 - 18. Suppose -d*o = -8 - 4. List the prime factors of o.
2, 3
Let f(o) = -o + 2. Let k be 3 + 3/(3 + -4). Let x be f(k). Suppose x*n + 8 = 3*n. List the prime factors of n.
2
Let z(u) = 5*u**2 + 10*u + 8. Let f be z(-6). List the prime factors of (2/4)/(4/f).
2
Let z be 26 + 21 - (0/2 - -2). Suppose -v = -4 + 2. Suppose v*f - 30 = -w + 4*w, -5*w - z = -3*f. List the prime factors of f.
3, 5
Suppose 13*l - 11*l = 0. Suppose 5*f = -l*f - 20, -2*d + f = -42. What are the prime factors of d?
19
Let i = -9 + 17. Let g(w) = w**3 - 9*w**2 + 11*w + 8. List the prime factors of g(i).
2
Let i = 5 - 1. Suppose 36 = 2*j - 3*d, -i*j = -5*d + 47 - 119. What are the prime factors of j?
2, 3
Suppose 0 = p - 4*p + 174. What are the prime factors of p?
2, 29
Let f = -7 - 2. Suppose 0 = -3*m + 4*m + 15. What are the prime factors of (-2 + m/f)*-21?
7
Let m(k) = -k - 1. What are the prime factors of m(-5)?
2
Suppose 3*g - 13 = -4*h + 7, h - 2*g + 6 = 0. Let l(f) = 2*f**2 + 0*f**2 - 6*f + 0*f**h. List the prime factors of l(5).
2, 5
Suppose 1 = -3*s + 22. Let f = 11 - s. What are the prime factors of f?
2
Let i be (-4 - -9) + (-1 - -1). Suppose i*f - 74 - 81 = 0. List the prime factors of f.
31
Let y be ((-18)/(-15))/((-1)/(-90)). What are the prime factors of (-16)/(-12)*y/4?
2, 3
What are the prime factors of 116 - (-2)/(-6)*(-4 + 7)?
5, 23
Let g = -67 - -131. List the prime factors of g.
2
Suppose o + 37 = 2*o - 5*x, -4*o + 2*x + 76 = 0. List the prime factors of o.
17
Suppose 3*i - 8 = 16. Suppose 2*z - i = -4*l - 2*z, z + 28 = 5*l. Let p = l + -3. List the prime factors of p.
2
Let l be (-4)/10 - (-135)/25. Suppose l*r + 0*r = 50. What are the prime factors of r?
2, 5
Let h be 1382/14 - 2/(-7). Suppose -h = -5*i - 3*l, -61 = i - 4*i - l. What are the prime factors of i?
3, 7
Suppose 0 = -o + 4*o - 105. Let c = -10 + o. List the prime factors of c.
5
Let a = 4 - -2. Let i = a - 6. Suppose -4*q - 3*m + 42 = i, -2*q + 6*m + 10 = 2*m. List the prime factors of q.
3
Let g(q) = q**2 - 5*q + 5. Let l be g(4). Let w = 8 + l. List the prime factors of w.
3
Suppose 2*l + 1 = 4*w - 33, 0 = w - 4*l + 2. Suppose x + 3 = 4*q, 5*x - w = 3*x. Suppose -45 = -3*u - q*u. What are the prime factors of u?
3
Suppose 2*p + 0*p = -2. Let t be (-12)/(p + 5/2). Let j = t + 15. What are the prime factors of j?
7
Suppose -5*v + s = -3*s - 215, -2*s - 10 = 0. Suppose -4*m + 89 = -v. What are the prime factors of -3*(m/6)/(-2)?
2
Let u(b) = b**2 + 6*b + 2. Let z be u(-4). Let o be (4/z)/((-2)/9). Suppose 3*f + 12 = 3*x, 2*x - f - 12 = -o*f. What are the prime factors of x?
5
Let a be (-2)/5 - 120/(-50). Suppose -4*w = -a*w - z - 61, -2*z - 62 = -2*w. What are the prime factors of w?
2, 3, 5
Let t(f) = 7*f**3 + 5*f**2 + 0 + 1 - 7 - 2*f - 6*f**3. List the prime factors of t(-4).
2, 3
Let f = -1 + 1. Suppose f*q - 8 = 2*q. What are the prime factors of q/(-3)*(-15)/(-10)?
2
List the prime factors of (92 + -1 + -1)*(-6)/(-4).
3, 5
Suppose 0 = 4*p - 2*r + 4*r - 6, 0 = -2*r - 6. Let v = 4 - p. Let n = 5 - v. What are the prime factors of n?
2
Let h = -192 + 280. List the prime factors of h.
2, 11
Suppose 4*p - 20 = 2*k, 0 = 3*p + k - 